t b(t) = -2*t**2 - 16*t - 13. Calculate the remainder when 2716 is divided by b(-2).
10
Let b = -23 + 27. Suppose 0 = b*x - 83 + 27. Let t(s) = 9*s**2 + 2*s + 1. Calculate the remainder when x is divided by t(-1).
6
Let j(q) = q**3 - 4*q**2 - 104*q + 611. What is the remainder when 456 is divided by j(5)?
108
What is the remainder when (-150)/675 + (2036/9 - -1) is divided by (4/(-6))/(8/(-228))?
18
Let z = 417 - -211. What is the remainder when z is divided by 30?
28
Let h(v) = -33*v - 329. Let l(y) = 560*y + 5593. Let m(u) = -35*h(u) - 2*l(u). Calculate the remainder when 62 is divided by m(-8).
13
Let g(r) = r**2 - 38*r - 644. Let b(c) = 3*c**2 + 9*c - 9. Calculate the remainder when b(-7) is divided by g(-13).
18
Suppose -28*p - 82702 + 85866 = 0. Suppose 0*l - 217 = -5*m - 4*l, 5*m - 233 = 4*l. What is the remainder when p is divided by m?
23
Let v(g) = 4*g**2 - 12*g - 27. Let o = -243 - -239. Calculate the remainder when v(o) is divided by 44.
41
Let y = 209 - 32. Suppose 12*o - 333 = -117. What is the remainder when y is divided by o?
15
Suppose -132*q + 3507 = -81501. What is the remainder when q is divided by 37?
15
Let q = 83 - 132. Let k = -7 - q. What is the remainder when k is divided by 10?
2
Suppose 232 = -4*a + 6*a. Suppose y = -4*f + 24, y + 3*y - 4*f = a. Suppose 0 = 5*h + 20, 2*o - 3*h - y = -2*o. Calculate the remainder when 9 is divided by o.
1
Let r = 23755 + -23286. What is the remainder when r is divided by 115?
9
Let z = -1914 - -3522. Suppose -27*k + 417 = -z. Calculate the remainder when k is divided by 38.
37
What is the remainder when 14765 is divided by 100/(11 - 1) - -6?
13
Let p(g) = 18*g + 38. Let k(f) = 10*f + 256. Calculate the remainder when p(4) is divided by k(-20).
54
Let r = 416 - 192. Suppose -4*y - r = -j, 0*j = -4*j - 5*y + 875. Calculate the remainder when j is divided by 37.
35
Let o(f) = f + 132. Let t be o(-34). Suppose t - 2528 = -30*b. Calculate the remainder when b is divided by 29.
23
Let x = -95529 + 95564. Suppose 2*s - 139 - 117 = -4*z, -s - 5*z = -128. What is the remainder when s is divided by x?
23
Suppose 23*u + 69*u = 11*u + 9072. What is the remainder when 431 is divided by u?
95
What is the remainder when -5 - ((-14)/(-7) - (-13 + 378)) is divided by (-715)/(-20) + 3/12?
34
Suppose -3536 = 58*z - 12410. Calculate the remainder when z is divided by 52.
49
Suppose 695*m - 8093 + 2467 = 666*m. Calculate the remainder when 332 is divided by m.
138
Let r = 136 + -140. Let v(d) = -d**2 - 7*d + 10. What is the remainder when 39 is divided by v(r)?
17
Let u(l) = -2*l**3 + 32*l**2 + 3. Let x be u(16). Suppose -2*j + x*w + 569 = 0, -3*j + 3*w + 861 = w. What is the remainder when j is divided by 58?
57
What is the remainder when 3943 is divided by (-25)/15*(-4 - (-14)/35)?
1
Let k(g) = 2*g**3 + 3*g**2 - 11*g**2 - 2 + 9*g**2. Let a be k(-3). Let y = a + 134. What is the remainder when y is divided by 44?
43
Let o = -4463 - -7629. Calculate the remainder when o is divided by 72.
70
Let v = -109 - -242. Calculate the remainder when v is divided by 53.
27
Let a(u) = -3*u + 2. Suppose 5*b - 6*b = -3*b. Suppose b = -2*x + k + 15, -x + k = 2 - 10. What is the remainder when a(-3) is divided by x?
4
Suppose 152 = 2*m + 128. Suppose y - 4 = -5*x, 6*y - x - 22 = 5*y. What is the remainder when y is divided by m?
7
Suppose 9*g = -109*g + 49088. Calculate the remainder when g is divided by 139.
138
What is the remainder when 734 is divided by (3 + 0)*(-93)/(-9) - -1?
30
Suppose -13 = -2141*s + 2140*s. Let i(y) = -y**3 - 13*y**2 - 10*y - 2. Let t be i(-12). Let c = 12 - t. Calculate the remainder when c is divided by s.
12
Suppose -15*l + 1132 = 22. What is the remainder when 143 is divided by l?
69
Suppose 1705 = 110*m + 495. Let b be 3 + -1 + 39 + 0. Suppose 5*q = -b + 471. Calculate the remainder when q is divided by m.
9
Let m(b) = 2*b**3 + 9*b**2 + b - 6. Let d be m(-5). Let s = d - -39. Let t(v) = 15*v - 19. What is the remainder when 43 is divided by t(s)?
17
Let w be (6 + -60 + 6/2)*-1. Suppose f - 28 = -w*a + 46*a, -4*a = 4*f - 32. Calculate the remainder when 14 is divided by a.
4
Let q(w) = -w**3 - 65*w**2 - 73*w - 526. What is the remainder when 987 is divided by q(-64)?
37
Let s(r) = -9*r + 75. Let v be s(9). Calculate the remainder when 190 is divided by 3/v - 258/(-4).
62
Suppose 4*d - 79*t = -75*t + 7108, 10664 = 6*d - 5*t. What is the remainder when d is divided by 11?
8
Suppose 2*i + 1 = -4*d + 3*d, d + i + 2 = 0. What is the remainder when 149 is divided by d*4*136/(-32)?
47
Suppose 13*i - 8*i - 1195 = 5*a, 7*i = 3*a + 1697. What is the remainder when i is divided by 61?
1
Let a(u) = u**3 + 2*u**2 - 10*u - 4. Let i be a(-7). Let n = i + 259. What is the remainder when n is divided by 30?
20
Let u(b) = -2*b**2 - 18*b - 3. Let z be (12/(-15))/((-1)/(-10)). Calculate the remainder when 2/z + 1005/20 is divided by u(-8).
11
Let t = 77 - 73. Suppose -117 = -3*r - 27. Calculate the remainder when r is divided by t.
2
Let b = 266 + -271. Let x(m) = -2*m - 1. Let f be x(-1). What is the remainder when (b - 6/f)/((-2)/12) is divided by 14?
10
Let m = 30371 + -30291. What is the remainder when 631 is divided by m?
71
Calculate the remainder when 648 is divided by ((-209)/22 + 10)/((-3)/(-66)).
10
What is the remainder when 16/(((-135)/(-660))/9) is divided by 116?
8
Let s = -78 + 144. Let n(z) = z**3 + 7*z**2 - z - 8. Calculate the remainder when s is divided by n(-5).
19
What is the remainder when 4092 is divided by (-180)/75*-40 + -1 + -4?
88
Suppose 56*r - 189 = 371. Suppose -2*k - r = 0, 10*k = 5*j + 7*k - 110. What is the remainder when 74 is divided by j?
17
Let f(r) = 4*r**2 - 341*r - 1698. Calculate the remainder when f(96) is divided by 85.
50
Suppose -22*q + 1421 = -713. Let g = 127 - q. Calculate the remainder when g is divided by 11.
8
Let y(p) = -p**3 + 6*p**2 - 3*p - 4. Suppose 0 = -3*j + q - 4, 3*j + 5*q = 4*j + 20. Let b = j + 4. Calculate the remainder when 46 is divided by y(b).
14
Let j = 217 - 215. Suppose 3*p + 102 = 6*p + 4*o, 4*p - 158 = j*o. What is the remainder when 70 is divided by p?
32
Suppose 0 = 22*c - 17*c + 2*n - 528, -4*c = n - 423. Let f be 2 - (1 - (0 - 56)). Let z = f - -109. What is the remainder when c is divided by z?
52
Suppose -6568*y = -6587*y + 34162. Calculate the remainder when y is divided by 8.
6
Let s(u) = -3*u**3 + 24*u**2 - 16*u - 15. Let j = -312 - -319. What is the remainder when 69 is divided by s(j)?
9
Suppose -2*r + 3*d = -4*r + 523, -5*d + 1047 = 4*r. Let x = -1852 - -1919. Calculate the remainder when r is divided by x.
62
Let z = 15 - 12. Let v(b) = 3*b**3 + b**2 - 2*b - 2. Let x be v(z). Suppose 3*i - x = -25. Calculate the remainder when i is divided by 7.
5
Let u = -1322 - -737. Let a = 1693 + u. Calculate the remainder when a is divided by 101.
98
Suppose 1025*j = 963*j + 28210. Calculate the remainder when j is divided by 208.
39
Suppose h - 3 - 5 = 0. Suppose -4*l - m + h = -5*m, -5*m = 0. Suppose -2*r + 235 = -d, 4*d - 231 = -l*r + d. Calculate the remainder when r is divided by 17.
15
Suppose 5*j + 23310 = 4*l, -40820 = -89*l + 82*l - 5*j. What is the remainder when l is divided by 119?
118
Let c(d) = 2*d**2 + 66*d + 309. Calculate the remainder when 114 is divided by c(-28).
27
Suppose -1280 = -2*w - 2*w. Let h = -849 - -883. Suppose w = 11*i + h. What is the remainder when i is divided by 15?
11
Suppose 807 = 3*f - 8*z + 7*z, z - 1076 = -4*f. What is the remainder when f is divided by 15?
14
Let t(f) = -f**2 - 39*f - 31. Let x be t(-38). Suppose -x*r - 106 = -708. Calculate the remainder when r is divided by 14.
2
Let g = 158 + -120. Calculate the remainder when 222 is divided by g.
32
Suppose 4*m = 5*b + 5104, 6*m = 11*m - 2*b - 6414. What is the remainder when m is divided by 72?
62
Let u be -2 + 1 + (-6 - -7). Suppose u = 3*t + 4*g - 71, 4*t + 5*g = 2*g + 83. What is the remainder when 44 is divided by t?
10
Let f(i) = -13*i + 0*i**2 + 19*i**2 - i**3 + 24 + 1 - 5*i**2. Let l(u) = -7*u**3 - 3*u**2 - 2*u + 1. What is the remainder when l(-2) is divided by f(13)?
24
Suppose 0 = -0*n - 4*n + 124. Let t = -55083 + 55103. What is the remainder when n is divided by t?
11
Let p be 6/10 - (-423)/45. Suppose -p = y - 28. Suppose -i